{"id":1375,"date":"2025-05-21T11:50:42","date_gmt":"2025-05-21T11:50:42","guid":{"rendered":"https:\/\/gob2b.pl\/arlen-relacje-inwestorskie\/?page_id=1375"},"modified":"2025-05-21T11:55:26","modified_gmt":"2025-05-21T11:55:26","slug":"zastrzezenia-prawne","status":"publish","type":"page","link":"https:\/\/arlen.com.pl\/relacje-inwestorskie\/zastrzezenia-prawne\/","title":{"rendered":"Zastrze\u017cenia prawne"},"content":{"rendered":"\t\t<div data-elementor-type=\"wp-page\" data-elementor-id=\"1375\" class=\"elementor elementor-1375\" data-elementor-post-type=\"page\">\n\t\t\t\t<div class=\"elementor-element elementor-element-2fd2787 e-flex e-con-boxed elementor-invisible e-con e-parent\" data-id=\"2fd2787\" data-element_type=\"container\" data-e-type=\"container\" data-settings=\"{&quot;background_background&quot;:&quot;slideshow&quot;,&quot;background_slideshow_gallery&quot;:[{&quot;id&quot;:677,&quot;url&quot;:&quot;https:\\\/\\\/arlen.com.pl\\\/relacje-inwestorskie\\\/wp-content\\\/uploads\\\/2025\\\/04\\\/2_background.webp&quot;}],&quot;animation&quot;:&quot;fadeIn&quot;,&quot;background_slideshow_loop&quot;:&quot;yes&quot;,&quot;background_slideshow_slide_duration&quot;:5000,&quot;background_slideshow_slide_transition&quot;:&quot;fade&quot;,&quot;background_slideshow_transition_duration&quot;:500}\">\n\t\t\t\t\t<div class=\"e-con-inner\">\n\t\t\t\t<div class=\"elementor-element elementor-element-01b6aca elementor-hidden-mobile elementor-widget elementor-widget-breadcrumbs\" data-id=\"01b6aca\" data-element_type=\"widget\" data-e-type=\"widget\" data-widget_type=\"breadcrumbs.default\">\n\t\t\t\t<div class=\"elementor-widget-container\">\n\t\t\t\t\t<p id=\"breadcrumbs\"><span><span><a href=\"https:\/\/arlen.com.pl\/relacje-inwestorskie\/\">Strona g\u0142\u00f3wna<\/a><\/span><\/span><\/p>\t\t\t\t<\/div>\n\t\t\t\t<\/div>\n\t\t\t\t<div class=\"elementor-element elementor-element-2aedb2cf elementor-widget elementor-widget-heading\" data-id=\"2aedb2cf\" data-element_type=\"widget\" data-e-type=\"widget\" data-widget_type=\"heading.default\">\n\t\t\t\t<div class=\"elementor-widget-container\">\n\t\t\t\t\t<h1 class=\"elementor-heading-title elementor-size-default\">Zastrze\u017cenia prawne<\/h1>\t\t\t\t<\/div>\n\t\t\t\t<\/div>\n\t\t\t\t\t<\/div>\n\t\t\t\t<\/div>\n\t\t<div class=\"elementor-element elementor-element-b1bf9cc e-flex e-con-boxed e-con e-parent\" data-id=\"b1bf9cc\" data-element_type=\"container\" data-e-type=\"container\">\n\t\t\t\t\t<div class=\"e-con-inner\">\n\t\t<div class=\"elementor-element elementor-element-8bb9b9f e-con-full e-flex elementor-invisible e-con e-child\" data-id=\"8bb9b9f\" data-element_type=\"container\" data-e-type=\"container\" data-settings=\"{&quot;animation&quot;:&quot;fadeInUp&quot;}\">\n\t\t\t\t<div class=\"elementor-element elementor-element-a3164cf elementor-widget elementor-widget-heading\" data-id=\"a3164cf\" data-element_type=\"widget\" data-e-type=\"widget\" data-widget_type=\"heading.default\">\n\t\t\t\t<div class=\"elementor-widget-container\">\n\t\t\t\t\t<h2 class=\"elementor-heading-title elementor-size-default\">1. Prawa autorskie<\/h2>\t\t\t\t<\/div>\n\t\t\t\t<\/div>\n\t\t\t\t<div class=\"elementor-element elementor-element-a8fb660 elementor-widget elementor-widget-text-editor\" data-id=\"a8fb660\" data-element_type=\"widget\" data-e-type=\"widget\" data-widget_type=\"text-editor.default\">\n\t\t\t\t<div class=\"elementor-widget-container\">\n\t\t\t\t\t\t\t\t\t<p>Wszelkie materia\u0142y zamieszczone na stronach internetowych Grupy ARLEN, w tym tre\u015bci tekstowe, zdj\u0119cia, grafiki, logotypy, uk\u0142ad strony, materia\u0142y wideo oraz inne elementy wizualne i audiowizualne, s\u0105 chronione przepisami prawa autorskiego i stanowi\u0105 w\u0142asno\u015b\u0107 Grupy ARLEN lub zosta\u0142y u\u017cyte za zgod\u0105 uprawnionych podmiot\u00f3w. Jakiekolwiek kopiowanie, rozpowszechnianie, publikowanie, modyfikowanie lub wykorzystywanie tre\u015bci strony w ca\u0142o\u015bci lub w cz\u0119\u015bci bez uprzedniej zgody Arlen S.A. (\u201eSp\u00f3\u0142ka\u201d) jest zabronione.<\/p>\t\t\t\t\t\t\t\t<\/div>\n\t\t\t\t<\/div>\n\t\t\t\t<div class=\"elementor-element elementor-element-7e1e0cf elementor-widget elementor-widget-heading\" data-id=\"7e1e0cf\" data-element_type=\"widget\" data-e-type=\"widget\" data-widget_type=\"heading.default\">\n\t\t\t\t<div class=\"elementor-widget-container\">\n\t\t\t\t\t<h2 class=\"elementor-heading-title elementor-size-default\">2. Oznaczenia i znaki towarowe<\/h2>\t\t\t\t<\/div>\n\t\t\t\t<\/div>\n\t\t\t\t<div class=\"elementor-element elementor-element-c64dbd7 elementor-widget elementor-widget-text-editor\" data-id=\"c64dbd7\" data-element_type=\"widget\" data-e-type=\"widget\" data-widget_type=\"text-editor.default\">\n\t\t\t\t<div class=\"elementor-widget-container\">\n\t\t\t\t\t\t\t\t\t<p>Wszelkie znaki towarowe, nazwy handlowe, logotypy i inne oznaczenia u\u017cyte na stronie internetowej s\u0105 prawnie chronione i stanowi\u0105 w\u0142asno\u015b\u0107 Sp\u00f3\u0142ki lub odpowiednich podmiot\u00f3w trzecich. U\u017cycie ich bez zgody uprawnionego podmiotu jest zabronione i mo\u017ce skutkowa\u0107 odpowiedzialno\u015bci\u0105 cywiln\u0105 oraz karn\u0105. Szczeg\u00f3\u0142owe zasady korzystania z oznacze\u0144 i identyfikacji wizualnej Grupy ARLEN dost\u0119pne s\u0105 pod <a href=\"https:\/\/arlen.com.pl\/relacje-inwestorskie\/zasady-korzystania-z-oznaczen-i-identyfikacji-wizualnej-grupy-arlen\/\">tym odno\u015bnikiem<\/a>.<\/p>\t\t\t\t\t\t\t\t<\/div>\n\t\t\t\t<\/div>\n\t\t\t\t<div class=\"elementor-element elementor-element-852addd elementor-widget elementor-widget-heading\" data-id=\"852addd\" data-element_type=\"widget\" data-e-type=\"widget\" data-widget_type=\"heading.default\">\n\t\t\t\t<div class=\"elementor-widget-container\">\n\t\t\t\t\t<h2 class=\"elementor-heading-title elementor-size-default\">3. Tre\u015bci<\/h2>\t\t\t\t<\/div>\n\t\t\t\t<\/div>\n\t\t\t\t<div class=\"elementor-element elementor-element-d6aee82 elementor-widget elementor-widget-text-editor\" data-id=\"d6aee82\" data-element_type=\"widget\" data-e-type=\"widget\" data-widget_type=\"text-editor.default\">\n\t\t\t\t<div class=\"elementor-widget-container\">\n\t\t\t\t\t\t\t\t\t<p>Sp\u00f3\u0142ka dok\u0142ada nale\u017cytej staranno\u015bci, aby informacje zawarte na stronie internetowej by\u0142y aktualne, rzetelne i kompletne. Niemniej jednak, Sp\u00f3\u0142ka nie ponosi odpowiedzialno\u015bci za ewentualne b\u0142\u0119dy, pomini\u0119cia lub nieaktualne dane, ani za jakiekolwiek szkody powsta\u0142e w wyniku korzystania ze strony, w tym tak\u017ce wynikaj\u0105ce z tymczasowego braku dost\u0119pu do serwisu.<\/p>\t\t\t\t\t\t\t\t<\/div>\n\t\t\t\t<\/div>\n\t\t\t\t<div class=\"elementor-element elementor-element-c30b096 elementor-widget elementor-widget-heading\" data-id=\"c30b096\" data-element_type=\"widget\" data-e-type=\"widget\" data-widget_type=\"heading.default\">\n\t\t\t\t<div class=\"elementor-widget-container\">\n\t\t\t\t\t<h2 class=\"elementor-heading-title elementor-size-default\">4. Zastrze\u017cenie dotycz\u0105ce eksploracji tekst\u00f3w i danych (TDM \u2013 Text and Data Mining)<\/h2>\t\t\t\t<\/div>\n\t\t\t\t<\/div>\n\t\t\t\t<div class=\"elementor-element elementor-element-eae3731 elementor-widget elementor-widget-text-editor\" data-id=\"eae3731\" data-element_type=\"widget\" data-e-type=\"widget\" data-widget_type=\"text-editor.default\">\n\t\t\t\t<div class=\"elementor-widget-container\">\n\t\t\t\t\t\t\t\t\t<p>Jako podmiot uprawniony z tytu\u0142u autorskich praw maj\u0105tkowych do tre\u015bci udost\u0119pnianych na stronie internetowej <a href=\"http:\/\/www.arlen.com.pl\">www.arlen.com.pl<\/a>, wyra\u017anie sprzeciwiamy si\u0119 wykorzystywaniu tych materia\u0142\u00f3w do cel\u00f3w eksploracji tekst\u00f3w i danych (TDM) w jakiejkolwiek formie. Zastrze\u017cenie to dotyczy wszystkich utwor\u00f3w chronionych prawem autorskim, kt\u00f3re stanowi\u0105 cz\u0119\u015b\u0107 lub ca\u0142o\u015b\u0107 jakichkolwiek tre\u015bci opublikowanych na tej stronie.<\/p><p>Wszelkie dzia\u0142ania polegaj\u0105ce na automatycznym przetwarzaniu, analizowaniu, kopiowaniu lub wykorzystywaniu tych tre\u015bci do cel\u00f3w TDM bez naszej uprzedniej, wyra\u017anej zgody s\u0105 zabronione i b\u0119d\u0105 traktowane jako naruszenie praw autorskich.<\/p>\t\t\t\t\t\t\t\t<\/div>\n\t\t\t\t<\/div>\n\t\t\t\t<div class=\"elementor-element elementor-element-b213bd4 elementor-widget elementor-widget-heading\" data-id=\"b213bd4\" data-element_type=\"widget\" data-e-type=\"widget\" data-widget_type=\"heading.default\">\n\t\t\t\t<div class=\"elementor-widget-container\">\n\t\t\t\t\t<h2 class=\"elementor-heading-title elementor-size-default\">5. Linki zewn\u0119trzne<\/h2>\t\t\t\t<\/div>\n\t\t\t\t<\/div>\n\t\t\t\t<div class=\"elementor-element elementor-element-288afdf elementor-widget elementor-widget-text-editor\" data-id=\"288afdf\" data-element_type=\"widget\" data-e-type=\"widget\" data-widget_type=\"text-editor.default\">\n\t\t\t\t<div class=\"elementor-widget-container\">\n\t\t\t\t\t\t\t\t\t<p>Strona internetowa mo\u017ce zawiera\u0107 odno\u015bniki (linki) do zewn\u0119trznych serwis\u00f3w internetowych. Sp\u00f3\u0142ka nie ponosi odpowiedzialno\u015bci za tre\u015b\u0107 oraz polityki prywatno\u015bci tych serwis\u00f3w i nie kontroluje ich zawarto\u015bci.<\/p>\t\t\t\t\t\t\t\t<\/div>\n\t\t\t\t<\/div>\n\t\t\t\t<div class=\"elementor-element elementor-element-8548263 elementor-widget elementor-widget-heading\" data-id=\"8548263\" data-element_type=\"widget\" data-e-type=\"widget\" data-widget_type=\"heading.default\">\n\t\t\t\t<div class=\"elementor-widget-container\">\n\t\t\t\t\t<h2 class=\"elementor-heading-title elementor-size-default\">6. Zastrze\u017cenie zmian<\/h2>\t\t\t\t<\/div>\n\t\t\t\t<\/div>\n\t\t\t\t<div class=\"elementor-element elementor-element-9c8e48f elementor-widget elementor-widget-text-editor\" data-id=\"9c8e48f\" data-element_type=\"widget\" data-e-type=\"widget\" data-widget_type=\"text-editor.default\">\n\t\t\t\t<div class=\"elementor-widget-container\">\n\t\t\t\t\t\t\t\t\t<p>Sp\u00f3\u0142ka zastrzega sobie prawo do wprowadzania zmian w tre\u015bci strony internetowej, w tym tak\u017ce niniejszych zastrze\u017ce\u0144 prawnych, w dowolnym czasie i bez uprzedzenia.<\/p>\t\t\t\t\t\t\t\t<\/div>\n\t\t\t\t<\/div>\n\t\t\t\t<\/div>\n\t\t\t\t\t<\/div>\n\t\t\t\t<\/div>\n\t\t\t\t<\/div>\n\t\t","protected":false},"excerpt":{"rendered":"<p>1. Prawa autorskie Wszelkie materia\u0142y zamieszczone na stronach internetowych Grupy ARLEN, w tym tre\u015bci tekstowe, zdj\u0119cia, grafiki, logotypy, uk\u0142ad strony, materia\u0142y wideo oraz inne elementy wizualne i audiowizualne, s\u0105 chronione przepisami prawa autorskiego i stanowi\u0105 w\u0142asno\u015b\u0107 Grupy ARLEN lub zosta\u0142y u\u017cyte za zgod\u0105 uprawnionych podmiot\u00f3w. Jakiekolwiek kopiowanie, rozpowszechnianie, publikowanie, modyfikowanie lub wykorzystywanie tre\u015bci strony w [&hellip;]<\/p>\n","protected":false},"author":2,"featured_media":0,"parent":0,"menu_order":0,"comment_status":"closed","ping_status":"closed","template":"elementor_header_footer","meta":{"footnotes":""},"class_list":["post-1375","page","type-page","status-publish","hentry"],"yoast_head":"<!-- This site is optimized with the Yoast SEO plugin v27.2 - https:\/\/yoast.com\/product\/yoast-seo-wordpress\/ -->\n<title>Zastrze\u017cenia prawne - Arlen - Relacje Inwestorskie<\/title>\n<meta name=\"robots\" content=\"index, follow, max-snippet:-1, max-image-preview:large, max-video-preview:-1\" \/>\n<link rel=\"canonical\" href=\"https:\/\/arlen.com.pl\/relacje-inwestorskie\/zastrzezenia-prawne\/\" \/>\n<meta property=\"og:locale\" content=\"pl_PL\" \/>\n<meta property=\"og:type\" content=\"article\" \/>\n<meta property=\"og:title\" content=\"Zastrze\u017cenia prawne - Arlen - Relacje Inwestorskie\" \/>\n<meta property=\"og:description\" content=\"1. Prawa autorskie Wszelkie materia\u0142y zamieszczone na stronach internetowych Grupy ARLEN, w tym tre\u015bci tekstowe, zdj\u0119cia, grafiki, logotypy, uk\u0142ad strony, materia\u0142y wideo oraz inne elementy wizualne i audiowizualne, s\u0105 chronione przepisami prawa autorskiego i stanowi\u0105 w\u0142asno\u015b\u0107 Grupy ARLEN lub zosta\u0142y u\u017cyte za zgod\u0105 uprawnionych podmiot\u00f3w. Jakiekolwiek kopiowanie, rozpowszechnianie, publikowanie, modyfikowanie lub wykorzystywanie tre\u015bci strony w [&hellip;]\" \/>\n<meta property=\"og:url\" content=\"https:\/\/arlen.com.pl\/relacje-inwestorskie\/zastrzezenia-prawne\/\" \/>\n<meta property=\"og:site_name\" content=\"Arlen - Relacje Inwestorskie\" \/>\n<meta property=\"article:modified_time\" content=\"2025-05-21T11:55:26+00:00\" \/>\n<meta name=\"twitter:card\" content=\"summary_large_image\" \/>\n<meta name=\"twitter:label1\" content=\"Szacowany czas czytania\" \/>\n\t<meta name=\"twitter:data1\" content=\"3 minuty\" \/>\n<script type=\"application\/ld+json\" class=\"yoast-schema-graph\">{\"@context\":\"https:\/\/schema.org\",\"@graph\":[{\"@type\":\"WebPage\",\"@id\":\"https:\/\/arlen.com.pl\/relacje-inwestorskie\/zastrzezenia-prawne\/\",\"url\":\"https:\/\/arlen.com.pl\/relacje-inwestorskie\/zastrzezenia-prawne\/\",\"name\":\"Zastrze\u017cenia prawne - Arlen - Relacje Inwestorskie\",\"isPartOf\":{\"@id\":\"https:\/\/arlen.com.pl\/relacje-inwestorskie\/#website\"},\"datePublished\":\"2025-05-21T11:50:42+00:00\",\"dateModified\":\"2025-05-21T11:55:26+00:00\",\"breadcrumb\":{\"@id\":\"https:\/\/arlen.com.pl\/relacje-inwestorskie\/zastrzezenia-prawne\/#breadcrumb\"},\"inLanguage\":\"pl-PL\",\"potentialAction\":[{\"@type\":\"ReadAction\",\"target\":[\"https:\/\/arlen.com.pl\/relacje-inwestorskie\/zastrzezenia-prawne\/\"]}]},{\"@type\":\"BreadcrumbList\",\"@id\":\"https:\/\/arlen.com.pl\/relacje-inwestorskie\/zastrzezenia-prawne\/#breadcrumb\",\"itemListElement\":[{\"@type\":\"ListItem\",\"position\":1,\"name\":\"Strona g\u0142\u00f3wna\",\"item\":\"https:\/\/arlen.com.pl\/relacje-inwestorskie\/\"},{\"@type\":\"ListItem\",\"position\":2,\"name\":\"Zastrze\u017cenia prawne\"}]},{\"@type\":\"WebSite\",\"@id\":\"https:\/\/arlen.com.pl\/relacje-inwestorskie\/#website\",\"url\":\"https:\/\/arlen.com.pl\/relacje-inwestorskie\/\",\"name\":\"Arlen - Relacje Inwestorskie\",\"description\":\"\",\"publisher\":{\"@id\":\"https:\/\/arlen.com.pl\/relacje-inwestorskie\/#organization\"},\"potentialAction\":[{\"@type\":\"SearchAction\",\"target\":{\"@type\":\"EntryPoint\",\"urlTemplate\":\"https:\/\/arlen.com.pl\/relacje-inwestorskie\/?s={search_term_string}\"},\"query-input\":{\"@type\":\"PropertyValueSpecification\",\"valueRequired\":true,\"valueName\":\"search_term_string\"}}],\"inLanguage\":\"pl-PL\"},{\"@type\":\"Organization\",\"@id\":\"https:\/\/arlen.com.pl\/relacje-inwestorskie\/#organization\",\"name\":\"Arlen - Relacje Inwestorskie\",\"url\":\"https:\/\/arlen.com.pl\/relacje-inwestorskie\/\",\"logo\":{\"@type\":\"ImageObject\",\"inLanguage\":\"pl-PL\",\"@id\":\"https:\/\/arlen.com.pl\/relacje-inwestorskie\/#\/schema\/logo\/image\/\",\"url\":\"https:\/\/arlen.com.pl\/relacje-inwestorskie\/wp-content\/uploads\/2025\/03\/cropped-Arlen-TG.jpg\",\"contentUrl\":\"https:\/\/arlen.com.pl\/relacje-inwestorskie\/wp-content\/uploads\/2025\/03\/cropped-Arlen-TG.jpg\",\"width\":325,\"height\":67,\"caption\":\"Arlen - Relacje Inwestorskie\"},\"image\":{\"@id\":\"https:\/\/arlen.com.pl\/relacje-inwestorskie\/#\/schema\/logo\/image\/\"}}]}<\/script>\n<!-- \/ Yoast SEO plugin. -->","yoast_head_json":{"title":"Zastrze\u017cenia prawne - Arlen - Relacje Inwestorskie","robots":{"index":"index","follow":"follow","max-snippet":"max-snippet:-1","max-image-preview":"max-image-preview:large","max-video-preview":"max-video-preview:-1"},"canonical":"https:\/\/arlen.com.pl\/relacje-inwestorskie\/zastrzezenia-prawne\/","og_locale":"pl_PL","og_type":"article","og_title":"Zastrze\u017cenia prawne - Arlen - Relacje Inwestorskie","og_description":"1. Prawa autorskie Wszelkie materia\u0142y zamieszczone na stronach internetowych Grupy ARLEN, w tym tre\u015bci tekstowe, zdj\u0119cia, grafiki, logotypy, uk\u0142ad strony, materia\u0142y wideo oraz inne elementy wizualne i audiowizualne, s\u0105 chronione przepisami prawa autorskiego i stanowi\u0105 w\u0142asno\u015b\u0107 Grupy ARLEN lub zosta\u0142y u\u017cyte za zgod\u0105 uprawnionych podmiot\u00f3w. Jakiekolwiek kopiowanie, rozpowszechnianie, publikowanie, modyfikowanie lub wykorzystywanie tre\u015bci strony w [&hellip;]","og_url":"https:\/\/arlen.com.pl\/relacje-inwestorskie\/zastrzezenia-prawne\/","og_site_name":"Arlen - Relacje Inwestorskie","article_modified_time":"2025-05-21T11:55:26+00:00","twitter_card":"summary_large_image","twitter_misc":{"Szacowany czas czytania":"3 minuty"},"schema":{"@context":"https:\/\/schema.org","@graph":[{"@type":"WebPage","@id":"https:\/\/arlen.com.pl\/relacje-inwestorskie\/zastrzezenia-prawne\/","url":"https:\/\/arlen.com.pl\/relacje-inwestorskie\/zastrzezenia-prawne\/","name":"Zastrze\u017cenia prawne - Arlen - Relacje Inwestorskie","isPartOf":{"@id":"https:\/\/arlen.com.pl\/relacje-inwestorskie\/#website"},"datePublished":"2025-05-21T11:50:42+00:00","dateModified":"2025-05-21T11:55:26+00:00","breadcrumb":{"@id":"https:\/\/arlen.com.pl\/relacje-inwestorskie\/zastrzezenia-prawne\/#breadcrumb"},"inLanguage":"pl-PL","potentialAction":[{"@type":"ReadAction","target":["https:\/\/arlen.com.pl\/relacje-inwestorskie\/zastrzezenia-prawne\/"]}]},{"@type":"BreadcrumbList","@id":"https:\/\/arlen.com.pl\/relacje-inwestorskie\/zastrzezenia-prawne\/#breadcrumb","itemListElement":[{"@type":"ListItem","position":1,"name":"Strona g\u0142\u00f3wna","item":"https:\/\/arlen.com.pl\/relacje-inwestorskie\/"},{"@type":"ListItem","position":2,"name":"Zastrze\u017cenia prawne"}]},{"@type":"WebSite","@id":"https:\/\/arlen.com.pl\/relacje-inwestorskie\/#website","url":"https:\/\/arlen.com.pl\/relacje-inwestorskie\/","name":"Arlen - Relacje Inwestorskie","description":"","publisher":{"@id":"https:\/\/arlen.com.pl\/relacje-inwestorskie\/#organization"},"potentialAction":[{"@type":"SearchAction","target":{"@type":"EntryPoint","urlTemplate":"https:\/\/arlen.com.pl\/relacje-inwestorskie\/?s={search_term_string}"},"query-input":{"@type":"PropertyValueSpecification","valueRequired":true,"valueName":"search_term_string"}}],"inLanguage":"pl-PL"},{"@type":"Organization","@id":"https:\/\/arlen.com.pl\/relacje-inwestorskie\/#organization","name":"Arlen - Relacje Inwestorskie","url":"https:\/\/arlen.com.pl\/relacje-inwestorskie\/","logo":{"@type":"ImageObject","inLanguage":"pl-PL","@id":"https:\/\/arlen.com.pl\/relacje-inwestorskie\/#\/schema\/logo\/image\/","url":"https:\/\/arlen.com.pl\/relacje-inwestorskie\/wp-content\/uploads\/2025\/03\/cropped-Arlen-TG.jpg","contentUrl":"https:\/\/arlen.com.pl\/relacje-inwestorskie\/wp-content\/uploads\/2025\/03\/cropped-Arlen-TG.jpg","width":325,"height":67,"caption":"Arlen - Relacje Inwestorskie"},"image":{"@id":"https:\/\/arlen.com.pl\/relacje-inwestorskie\/#\/schema\/logo\/image\/"}}]}},"_links":{"self":[{"href":"https:\/\/arlen.com.pl\/relacje-inwestorskie\/wp-json\/wp\/v2\/pages\/1375","targetHints":{"allow":["GET"]}}],"collection":[{"href":"https:\/\/arlen.com.pl\/relacje-inwestorskie\/wp-json\/wp\/v2\/pages"}],"about":[{"href":"https:\/\/arlen.com.pl\/relacje-inwestorskie\/wp-json\/wp\/v2\/types\/page"}],"author":[{"embeddable":true,"href":"https:\/\/arlen.com.pl\/relacje-inwestorskie\/wp-json\/wp\/v2\/users\/2"}],"replies":[{"embeddable":true,"href":"https:\/\/arlen.com.pl\/relacje-inwestorskie\/wp-json\/wp\/v2\/comments?post=1375"}],"version-history":[{"count":4,"href":"https:\/\/arlen.com.pl\/relacje-inwestorskie\/wp-json\/wp\/v2\/pages\/1375\/revisions"}],"predecessor-version":[{"id":1379,"href":"https:\/\/arlen.com.pl\/relacje-inwestorskie\/wp-json\/wp\/v2\/pages\/1375\/revisions\/1379"}],"wp:attachment":[{"href":"https:\/\/arlen.com.pl\/relacje-inwestorskie\/wp-json\/wp\/v2\/media?parent=1375"}],"curies":[{"name":"wp","href":"https:\/\/api.w.org\/{rel}","templated":true}]}}