{"id":706,"date":"2025-04-08T10:49:14","date_gmt":"2025-04-08T10:49:14","guid":{"rendered":"https:\/\/gob2b.pl\/arlen-relacje-inwestorskie\/?page_id=706"},"modified":"2026-03-19T09:03:49","modified_gmt":"2026-03-19T09:03:49","slug":"akcjonariat","status":"publish","type":"page","link":"https:\/\/arlen.com.pl\/relacje-inwestorskie\/akcjonariat\/","title":{"rendered":"Akcjonariat"},"content":{"rendered":"\t\t<div data-elementor-type=\"wp-page\" data-elementor-id=\"706\" class=\"elementor elementor-706\" data-elementor-post-type=\"page\">\n\t\t\t\t<div class=\"elementor-element elementor-element-2fd2787 e-flex e-con-boxed elementor-invisible e-con e-parent\" data-id=\"2fd2787\" data-element_type=\"container\" data-e-type=\"container\" data-settings=\"{&quot;background_background&quot;:&quot;slideshow&quot;,&quot;background_slideshow_gallery&quot;:[{&quot;id&quot;:677,&quot;url&quot;:&quot;https:\\\/\\\/arlen.com.pl\\\/relacje-inwestorskie\\\/wp-content\\\/uploads\\\/2025\\\/04\\\/2_background.webp&quot;}],&quot;animation&quot;:&quot;fadeIn&quot;,&quot;background_slideshow_loop&quot;:&quot;yes&quot;,&quot;background_slideshow_slide_duration&quot;:5000,&quot;background_slideshow_slide_transition&quot;:&quot;fade&quot;,&quot;background_slideshow_transition_duration&quot;:500}\">\n\t\t\t\t\t<div class=\"e-con-inner\">\n\t\t\t\t<div class=\"elementor-element elementor-element-01b6aca elementor-hidden-mobile elementor-widget elementor-widget-breadcrumbs\" data-id=\"01b6aca\" data-element_type=\"widget\" data-e-type=\"widget\" data-widget_type=\"breadcrumbs.default\">\n\t\t\t\t<div class=\"elementor-widget-container\">\n\t\t\t\t\t<p id=\"breadcrumbs\"><span><span><a href=\"https:\/\/arlen.com.pl\/relacje-inwestorskie\/\">Strona g\u0142\u00f3wna<\/a><\/span><\/span><\/p>\t\t\t\t<\/div>\n\t\t\t\t<\/div>\n\t\t\t\t<div class=\"elementor-element elementor-element-2aedb2cf elementor-widget elementor-widget-heading\" data-id=\"2aedb2cf\" data-element_type=\"widget\" data-e-type=\"widget\" data-widget_type=\"heading.default\">\n\t\t\t\t<div class=\"elementor-widget-container\">\n\t\t\t\t\t<h1 class=\"elementor-heading-title elementor-size-default\">Akcjonariat<\/h1>\t\t\t\t<\/div>\n\t\t\t\t<\/div>\n\t\t\t\t\t<\/div>\n\t\t\t\t<\/div>\n\t\t<div class=\"elementor-element elementor-element-b1bf9cc e-flex e-con-boxed e-con e-parent\" data-id=\"b1bf9cc\" data-element_type=\"container\" data-e-type=\"container\">\n\t\t\t\t\t<div class=\"e-con-inner\">\n\t\t<div class=\"elementor-element elementor-element-75d4738 e-con-full e-flex elementor-invisible e-con e-child\" data-id=\"75d4738\" data-element_type=\"container\" data-e-type=\"container\" data-settings=\"{&quot;animation&quot;:&quot;fadeInUp&quot;}\">\n\t\t\t\t<div class=\"elementor-element elementor-element-947d94a elementor-widget elementor-widget-heading\" data-id=\"947d94a\" data-element_type=\"widget\" data-e-type=\"widget\" data-widget_type=\"heading.default\">\n\t\t\t\t<div class=\"elementor-widget-container\">\n\t\t\t\t\t<h2 class=\"elementor-heading-title elementor-size-default\">Struktura kontroli w\u0142asno\u015bci Arlen S.A.<\/h2>\t\t\t\t<\/div>\n\t\t\t\t<\/div>\n\t\t\t\t<div class=\"elementor-element elementor-element-ac2c206 elementor-widget elementor-widget-heading\" data-id=\"ac2c206\" data-element_type=\"widget\" data-e-type=\"widget\" data-widget_type=\"heading.default\">\n\t\t\t\t<div class=\"elementor-widget-container\">\n\t\t\t\t\t<h2 class=\"elementor-heading-title elementor-size-default\">Stan  na: 20.11.2025 r.<\/h2>\t\t\t\t<\/div>\n\t\t\t\t<\/div>\n\t\t\t\t<div class=\"elementor-element elementor-element-eebea65 elementor-widget elementor-widget-html\" data-id=\"eebea65\" data-element_type=\"widget\" data-e-type=\"widget\" data-widget_type=\"html.default\">\n\t\t\t\t<div class=\"elementor-widget-container\">\n\t\t\t\t\t<style>\n    .table-container {\n        overflow-x: auto;\n        width: 100%;\n    }\n\n    .authorities-tab {\n        width: 100%;\n        border-collapse: collapse;\n        min-width: 600px;\n    }\n    .authorities-tab tr td {\n        text-align: center;\n    }\n    .authorities-tab th {\n        vertical-align: middle;\n    }\n    .authorities-tab-desc {\n        font-size: 14px;\n        font-style: italic;\n    }\n    #tab-1st {\n        min-width: 700px;\n    }\n<\/style>\n<div class=\"table-container\">\n    <table class=\"authorities-tab\" id=\"tab-1st\">\n        <thead>\n            <tr>\n                <th>Akcjonariusz<\/th>\n                <th>Liczba akcji<\/th>\n                <th>Udzia\u0142y w kapitale<\/th>\n                <th>Liczba g\u0142os\u00f3w<\/th>\n                <th>Udzia\u0142 g\u0142os\u00f3w<\/th>\n           \n            <\/tr>\n        <\/thead>\n        <tbody>\n            <tr>\n                <td>A. T. FUNDACJA RODZINNA\n    (kontrol\u0119 sprawuj\u0105: Andrzej\n    Tabaczy\u0144ski, Agnieszka\n    Tabaczy\u0144ska)<\/td>\n                <td>13 300 000<\/td>\n                <td>60,09%<\/td>\n                <td>13 300 000<\/td>\n                <td>60,09%<\/td>\n             \n            <\/tr>\n            <tr>\n                <td>Fundusze zarz\u0105dzane przez TFI PZU S.A.<\/td>\n                <td> 1 698 252<\/td>\n                <td>7,67%<\/td>\n                <td> 1 698 252<\/td>\n                <td>7,67%<\/td>\n           \n            <\/tr>\n            <tr>\n                <td>Pozostali*<\/td>\n                <td>7 134 748<\/td>\n                <td>32,24%<\/td>\n                <td>7 134 748<\/td>\n                <td>32,24%<\/td>\n          \n            <\/tr>\n            <tr>\n                <td><b>RAZEM:<\/b><\/td>\n                <td>22 133 000<\/td>\n                <td>100%<\/td>\n                <td>22 133 000<\/td>\n                <td>100%<\/td>\n            <\/tr>\n            \n        <\/tbody>\n            <\/table>\n        *w tym Przewodnicz\u0105cy Rady Nadzorczej \u2013 Jerzy Krzysztof Staniewski posiada 31.500 akcji i Cz\u0142onkini Rady Nadzorczej \u2013 Joanna Teresa Gieorgijewska posiada 80.000 akcji\n<\/div>\t\t\t\t<\/div>\n\t\t\t\t<\/div>\n\t\t\t\t<\/div>\n\t\t\t\t\t<\/div>\n\t\t\t\t<\/div>\n\t\t\t\t<\/div>\n\t\t","protected":false},"excerpt":{"rendered":"<p>Struktura kontroli w\u0142asno\u015bci Arlen S.A. Stan na: 20.11.2025 r. Akcjonariusz Liczba akcji Udzia\u0142y w kapitale Liczba g\u0142os\u00f3w Udzia\u0142 g\u0142os\u00f3w A. T. FUNDACJA RODZINNA (kontrol\u0119 sprawuj\u0105: Andrzej Tabaczy\u0144ski, Agnieszka Tabaczy\u0144ska) 13 300 000 60,09% 13 300 000 60,09% Fundusze zarz\u0105dzane przez TFI PZU S.A. 1 698 252 7,67% 1 698 252 7,67% Pozostali* 7 134 748 [&hellip;]<\/p>\n","protected":false},"author":2,"featured_media":0,"parent":0,"menu_order":0,"comment_status":"closed","ping_status":"closed","template":"elementor_header_footer","meta":{"footnotes":""},"class_list":["post-706","page","type-page","status-publish","hentry"],"yoast_head":"<!-- This site is optimized with the Yoast SEO plugin v27.2 - https:\/\/yoast.com\/product\/yoast-seo-wordpress\/ -->\n<title>Akcjonariat - Arlen - Relacje Inwestorskie<\/title>\n<meta name=\"robots\" content=\"index, follow, max-snippet:-1, max-image-preview:large, max-video-preview:-1\" \/>\n<link rel=\"canonical\" href=\"https:\/\/arlen.com.pl\/relacje-inwestorskie\/akcjonariat\/\" \/>\n<meta property=\"og:locale\" content=\"pl_PL\" \/>\n<meta property=\"og:type\" content=\"article\" \/>\n<meta property=\"og:title\" content=\"Akcjonariat - Arlen - Relacje Inwestorskie\" \/>\n<meta property=\"og:description\" content=\"Struktura kontroli w\u0142asno\u015bci Arlen S.A. Stan na: 20.11.2025 r. Akcjonariusz Liczba akcji Udzia\u0142y w kapitale Liczba g\u0142os\u00f3w Udzia\u0142 g\u0142os\u00f3w A. T. FUNDACJA RODZINNA (kontrol\u0119 sprawuj\u0105: Andrzej Tabaczy\u0144ski, Agnieszka Tabaczy\u0144ska) 13 300 000 60,09% 13 300 000 60,09% Fundusze zarz\u0105dzane przez TFI PZU S.A. 1 698 252 7,67% 1 698 252 7,67% Pozostali* 7 134 748 [&hellip;]\" \/>\n<meta property=\"og:url\" content=\"https:\/\/arlen.com.pl\/relacje-inwestorskie\/akcjonariat\/\" \/>\n<meta property=\"og:site_name\" content=\"Arlen - Relacje Inwestorskie\" \/>\n<meta property=\"article:modified_time\" content=\"2026-03-19T09:03:49+00:00\" \/>\n<meta name=\"twitter:card\" content=\"summary_large_image\" \/>\n<meta name=\"twitter:label1\" content=\"Szacowany czas czytania\" \/>\n\t<meta name=\"twitter:data1\" content=\"1 minuta\" \/>\n<script type=\"application\/ld+json\" class=\"yoast-schema-graph\">{\"@context\":\"https:\/\/schema.org\",\"@graph\":[{\"@type\":\"WebPage\",\"@id\":\"https:\/\/arlen.com.pl\/relacje-inwestorskie\/akcjonariat\/\",\"url\":\"https:\/\/arlen.com.pl\/relacje-inwestorskie\/akcjonariat\/\",\"name\":\"Akcjonariat - Arlen - Relacje Inwestorskie\",\"isPartOf\":{\"@id\":\"https:\/\/arlen.com.pl\/relacje-inwestorskie\/#website\"},\"datePublished\":\"2025-04-08T10:49:14+00:00\",\"dateModified\":\"2026-03-19T09:03:49+00:00\",\"breadcrumb\":{\"@id\":\"https:\/\/arlen.com.pl\/relacje-inwestorskie\/akcjonariat\/#breadcrumb\"},\"inLanguage\":\"pl-PL\",\"potentialAction\":[{\"@type\":\"ReadAction\",\"target\":[\"https:\/\/arlen.com.pl\/relacje-inwestorskie\/akcjonariat\/\"]}]},{\"@type\":\"BreadcrumbList\",\"@id\":\"https:\/\/arlen.com.pl\/relacje-inwestorskie\/akcjonariat\/#breadcrumb\",\"itemListElement\":[{\"@type\":\"ListItem\",\"position\":1,\"name\":\"Strona g\u0142\u00f3wna\",\"item\":\"https:\/\/arlen.com.pl\/relacje-inwestorskie\/\"},{\"@type\":\"ListItem\",\"position\":2,\"name\":\"Akcjonariat\"}]},{\"@type\":\"WebSite\",\"@id\":\"https:\/\/arlen.com.pl\/relacje-inwestorskie\/#website\",\"url\":\"https:\/\/arlen.com.pl\/relacje-inwestorskie\/\",\"name\":\"Arlen - Relacje Inwestorskie\",\"description\":\"\",\"publisher\":{\"@id\":\"https:\/\/arlen.com.pl\/relacje-inwestorskie\/#organization\"},\"potentialAction\":[{\"@type\":\"SearchAction\",\"target\":{\"@type\":\"EntryPoint\",\"urlTemplate\":\"https:\/\/arlen.com.pl\/relacje-inwestorskie\/?s={search_term_string}\"},\"query-input\":{\"@type\":\"PropertyValueSpecification\",\"valueRequired\":true,\"valueName\":\"search_term_string\"}}],\"inLanguage\":\"pl-PL\"},{\"@type\":\"Organization\",\"@id\":\"https:\/\/arlen.com.pl\/relacje-inwestorskie\/#organization\",\"name\":\"Arlen - Relacje Inwestorskie\",\"url\":\"https:\/\/arlen.com.pl\/relacje-inwestorskie\/\",\"logo\":{\"@type\":\"ImageObject\",\"inLanguage\":\"pl-PL\",\"@id\":\"https:\/\/arlen.com.pl\/relacje-inwestorskie\/#\/schema\/logo\/image\/\",\"url\":\"https:\/\/arlen.com.pl\/relacje-inwestorskie\/wp-content\/uploads\/2025\/03\/cropped-Arlen-TG.jpg\",\"contentUrl\":\"https:\/\/arlen.com.pl\/relacje-inwestorskie\/wp-content\/uploads\/2025\/03\/cropped-Arlen-TG.jpg\",\"width\":325,\"height\":67,\"caption\":\"Arlen - Relacje Inwestorskie\"},\"image\":{\"@id\":\"https:\/\/arlen.com.pl\/relacje-inwestorskie\/#\/schema\/logo\/image\/\"}}]}<\/script>\n<!-- \/ Yoast SEO plugin. -->","yoast_head_json":{"title":"Akcjonariat - Arlen - Relacje Inwestorskie","robots":{"index":"index","follow":"follow","max-snippet":"max-snippet:-1","max-image-preview":"max-image-preview:large","max-video-preview":"max-video-preview:-1"},"canonical":"https:\/\/arlen.com.pl\/relacje-inwestorskie\/akcjonariat\/","og_locale":"pl_PL","og_type":"article","og_title":"Akcjonariat - Arlen - Relacje Inwestorskie","og_description":"Struktura kontroli w\u0142asno\u015bci Arlen S.A. Stan na: 20.11.2025 r. Akcjonariusz Liczba akcji Udzia\u0142y w kapitale Liczba g\u0142os\u00f3w Udzia\u0142 g\u0142os\u00f3w A. T. FUNDACJA RODZINNA (kontrol\u0119 sprawuj\u0105: Andrzej Tabaczy\u0144ski, Agnieszka Tabaczy\u0144ska) 13 300 000 60,09% 13 300 000 60,09% Fundusze zarz\u0105dzane przez TFI PZU S.A. 1 698 252 7,67% 1 698 252 7,67% Pozostali* 7 134 748 [&hellip;]","og_url":"https:\/\/arlen.com.pl\/relacje-inwestorskie\/akcjonariat\/","og_site_name":"Arlen - Relacje Inwestorskie","article_modified_time":"2026-03-19T09:03:49+00:00","twitter_card":"summary_large_image","twitter_misc":{"Szacowany czas czytania":"1 minuta"},"schema":{"@context":"https:\/\/schema.org","@graph":[{"@type":"WebPage","@id":"https:\/\/arlen.com.pl\/relacje-inwestorskie\/akcjonariat\/","url":"https:\/\/arlen.com.pl\/relacje-inwestorskie\/akcjonariat\/","name":"Akcjonariat - Arlen - Relacje Inwestorskie","isPartOf":{"@id":"https:\/\/arlen.com.pl\/relacje-inwestorskie\/#website"},"datePublished":"2025-04-08T10:49:14+00:00","dateModified":"2026-03-19T09:03:49+00:00","breadcrumb":{"@id":"https:\/\/arlen.com.pl\/relacje-inwestorskie\/akcjonariat\/#breadcrumb"},"inLanguage":"pl-PL","potentialAction":[{"@type":"ReadAction","target":["https:\/\/arlen.com.pl\/relacje-inwestorskie\/akcjonariat\/"]}]},{"@type":"BreadcrumbList","@id":"https:\/\/arlen.com.pl\/relacje-inwestorskie\/akcjonariat\/#breadcrumb","itemListElement":[{"@type":"ListItem","position":1,"name":"Strona g\u0142\u00f3wna","item":"https:\/\/arlen.com.pl\/relacje-inwestorskie\/"},{"@type":"ListItem","position":2,"name":"Akcjonariat"}]},{"@type":"WebSite","@id":"https:\/\/arlen.com.pl\/relacje-inwestorskie\/#website","url":"https:\/\/arlen.com.pl\/relacje-inwestorskie\/","name":"Arlen - Relacje Inwestorskie","description":"","publisher":{"@id":"https:\/\/arlen.com.pl\/relacje-inwestorskie\/#organization"},"potentialAction":[{"@type":"SearchAction","target":{"@type":"EntryPoint","urlTemplate":"https:\/\/arlen.com.pl\/relacje-inwestorskie\/?s={search_term_string}"},"query-input":{"@type":"PropertyValueSpecification","valueRequired":true,"valueName":"search_term_string"}}],"inLanguage":"pl-PL"},{"@type":"Organization","@id":"https:\/\/arlen.com.pl\/relacje-inwestorskie\/#organization","name":"Arlen - Relacje Inwestorskie","url":"https:\/\/arlen.com.pl\/relacje-inwestorskie\/","logo":{"@type":"ImageObject","inLanguage":"pl-PL","@id":"https:\/\/arlen.com.pl\/relacje-inwestorskie\/#\/schema\/logo\/image\/","url":"https:\/\/arlen.com.pl\/relacje-inwestorskie\/wp-content\/uploads\/2025\/03\/cropped-Arlen-TG.jpg","contentUrl":"https:\/\/arlen.com.pl\/relacje-inwestorskie\/wp-content\/uploads\/2025\/03\/cropped-Arlen-TG.jpg","width":325,"height":67,"caption":"Arlen - Relacje Inwestorskie"},"image":{"@id":"https:\/\/arlen.com.pl\/relacje-inwestorskie\/#\/schema\/logo\/image\/"}}]}},"_links":{"self":[{"href":"https:\/\/arlen.com.pl\/relacje-inwestorskie\/wp-json\/wp\/v2\/pages\/706","targetHints":{"allow":["GET"]}}],"collection":[{"href":"https:\/\/arlen.com.pl\/relacje-inwestorskie\/wp-json\/wp\/v2\/pages"}],"about":[{"href":"https:\/\/arlen.com.pl\/relacje-inwestorskie\/wp-json\/wp\/v2\/types\/page"}],"author":[{"embeddable":true,"href":"https:\/\/arlen.com.pl\/relacje-inwestorskie\/wp-json\/wp\/v2\/users\/2"}],"replies":[{"embeddable":true,"href":"https:\/\/arlen.com.pl\/relacje-inwestorskie\/wp-json\/wp\/v2\/comments?post=706"}],"version-history":[{"count":110,"href":"https:\/\/arlen.com.pl\/relacje-inwestorskie\/wp-json\/wp\/v2\/pages\/706\/revisions"}],"predecessor-version":[{"id":1917,"href":"https:\/\/arlen.com.pl\/relacje-inwestorskie\/wp-json\/wp\/v2\/pages\/706\/revisions\/1917"}],"wp:attachment":[{"href":"https:\/\/arlen.com.pl\/relacje-inwestorskie\/wp-json\/wp\/v2\/media?parent=706"}],"curies":[{"name":"wp","href":"https:\/\/api.w.org\/{rel}","templated":true}]}}